 Suppose o = 2*n + 25. What is the highest common divisor of 8 and n?
8
Let t(g) = -g**3 + 8*g**2 - 3*g - 19. Let i be t(7). Calculate the highest common divisor of i and 99.
9
Let r be (-9)/(-9)*77*2. Let u(l) be the second derivative of l**4/12 - l**3/3 + 3*l**2 + l. Let x be u(4). What is the greatest common factor of x and r?
14
Suppose -9 = -3*a, 0 = -q - 2*a - 0 + 2. Let o(g) = -4*g**3 - 2*g. Let n be o(q). Calculate the highest common divisor of 24 and n.
24
Let t = -48 + 68. Let y = t - 5. Calculate the greatest common divisor of 5 and y.
5
Suppose -3*u + 20 = -4*y - 0*y, u + 2*y - 20 = 0. What is the greatest common factor of u and 60?
12
Suppose 0 = -2*d - 2*s + 3*s + 8, 2*s - 14 = -d. What is the highest common divisor of d and 48?
6
Let t be 25/9 + (-10)/(-45). Suppose -t*s - 5*w + 2*w = -336, 3*s - w - 328 = 0. What is the greatest common factor of s and 10?
10
Let u be 4/2 - (-85)/5. Suppose -55 = -5*i - 2*s, 2*i - i + 2*s = u. What is the highest common divisor of i and 45?
9
Let x(b) = 2*b**2 + 10*b + 20. Let c be x(-6). What is the highest common divisor of 48 and c?
16
Suppose -3*b + 75 = 3*q, 0 = -7*b + 2*b + 3*q + 85. Let i be (2 - 6/4)*8. What is the greatest common factor of b and i?
4
Let c = -4 - -10. What is the greatest common divisor of c and 18?
6
Let n(b) = 2*b**3 - 6*b**2 + 4*b - 22. Let p be n(5). What is the greatest common divisor of 14 and p?
14
Suppose 0 = 5*m + 2*f - 10, 0*m - 5*m + 10 = -5*f. Suppose 4*v - 65 = -3*c, 5*v - 68 = c - 1. Calculate the highest common divisor of m and v.
2
Let k be -6*12/8*-7. Suppose -2*q - 2*q = -84. Suppose 2*t - q = -7. What is the greatest common divisor of t and k?
7
Let g(h) = -h**3 - 3*h**2 - 16. Let p be g(-6). What is the greatest common factor of p and 230?
46
Let h(a) = -a**3 + 8*a**2 - 8*a + 10. Let v be h(7). Let t be 3/v + (-2)/1. Let b be (-1 + 1)/3 - t. What is the greatest common divisor of 8 and b?
1
Let j be 0*1/(-3) + 35. What is the greatest common factor of 7 and j?
7
Let j be (12/(-5))/(5*(-10)/625). What is the highest common factor of 60 and j?
30
Suppose -8 = -2*o + 2. Suppose 2*q + 2*j = q + 24, 3*q = o*j + 83. What is the greatest common factor of q and 130?
26
Let u = -96 - -144. Let t = -20 - -32. Calculate the greatest common factor of u and t.
12
Let l be 8/(-36) - (-112)/18. Let g be 68/l*6/4. Calculate the highest common divisor of g and 187.
17
Let p(k) = -k + 114 + 39 + 23. Let z be p(0). Calculate the greatest common divisor of z and 16.
16
Let y = 58 + -31. What is the greatest common factor of 9 and y?
9
Suppose -171 = -4*i - 43. Let x be 7 + 20/(-7) + 6/(-42). Calculate the highest common factor of x and i.
4
Suppose -14 = s - 38. Calculate the greatest common factor of s and 60.
12
Suppose -f + 0*f + 23 = 0. Calculate the highest common divisor of 23 and f.
23
Suppose -4*p = -b + 32, 3*b = 2*b - p + 7. Suppose -2*h + 2 = -14. What is the greatest common divisor of b and h?
4
Let y be (-24)/(-1)*(-2)/(-3). Let w be (-10 + -5)*y/(-6). Let c be (-12)/((-5)/(30/9)). Calculate the greatest common divisor of c and w.
8
Let j(d) = -d**2 - 3*d - 2. Let h be j(-2). Let t(z) = z**2 + 125. Let q be t(h). Calculate the greatest common divisor of 25 and q.
25
Let n(q) = 5*q**2 + 3*q - 2. Suppose -4*d = -9*d + 10. Let v be n(d). What is the highest common divisor of v and 192?
24
Let j = -13 + 18. Suppose 0 = j*y - 2*n + 10, -5*y - 6 = 4*n - 26. Suppose y*b = -4*b + 72. What is the greatest common factor of b and 198?
18
Let p be ((-1)/2)/((-4)/(-56)). Let o(q) = q**3 + 6*q**2 - 9*q - 10. Let c be o(p). Suppose t + 0*t = 20. Calculate the greatest common factor of t and c.
4
Let p be 2/10 - (-220)/25. What is the highest common divisor of p and 6?
3
Let g = 10 - -12. What is the greatest common divisor of 44 and g?
22
Let p be 4/18*-3 + (-87)/(-9). Calculate the highest common divisor of p and 6.
3
Let p(z) = -9*z - 2. Let v(k) = 4*k + 1. Let i(r) = 3*p(r) + 5*v(r). Let c be i(-1). Let h = -3 + 9. Calculate the greatest common divisor of h and c.
6
Suppose 0 = l + 5 - 3. Let r be -1 + 4 - 2/l. What is the highest common factor of 32 and r?
4
Let s be -3 + 48 + -2 - -2. What is the greatest common divisor of 9 and s?
9
Let n(t) = -t - 3. Let s be n(7). Let z = 24 + s. Suppose -j - 4*j + 630 = 0. Calculate the highest common divisor of j and z.
14
Let o = 3 + -5. Let m = 2 - o. Let w(j) = j**2 + 6. Let c be w(0). What is the highest common divisor of m and c?
2
Suppose -l - 5 = -2. Let j = l + 5. Suppose -u + 4 = -j*c + 5*c, -u = 4*c - 5. What is the greatest common factor of 1 and u?
1
Suppose -2*s - 33 = 4*o - 11, o + 4 = 0. Let q = s + 19. Let g = -13 - -21. What is the highest common factor of q and g?
8
Let k = -3 - -14. Let x = 16 - 5. What is the highest common factor of x and k?
11
Suppose -5*h + 20 = -0*h. Suppose -4*s + 24 = -92. Let w = -21 + s. What is the greatest common divisor of h and w?
4
Suppose -110 = -93*a + 91*a. What is the highest common divisor of a and 44?
11
Let w be (6 - -44)*(-18)/(-4). Calculate the highest common factor of 25 and w.
25
Suppose -5*f - 4 = -f, f + 23 = j. What is the highest common factor of j and 88?
22
Let r be 2/4 - 59/(-2). Suppose -4*h = -4 - 4. Suppose 5*o - 20 = 0, 2*i + 13 = -h*o + 41. Calculate the highest common divisor of r and i.
10
Let v = 11 + 24. What is the highest common divisor of v and 7?
7
Let g be (-10)/(-2) + -3 + -2. Suppose g = u - 4*x - 19, 2*u - 21 = -u + 3*x. What is the greatest common factor of u and 12?
3
Suppose 0 = -n + 19 - 1. Suppose -6*g = -9*g + 36. What is the highest common factor of g and n?
6
Let a = 5 - 1. Calculate the highest common factor of 12 and a.
4
Let a be 4*(-4 - -1)/(-3). Suppose -5*k + 42 = 3*b - 34, -a*k = 2*b - 52. Let i be 4 + (-2)/3*3. What is the highest common factor of b and i?
2
Suppose 2*a - 5*p - 150 = 0, 2*p = 7*p + 20. Calculate the greatest common factor of a and 26.
13
Let b = 79 + 21. Suppose -2*g - g = -120. What is the highest common divisor of g and b?
20
Let u = -67 - -36. Let n = -11 - u. Calculate the highest common factor of 180 and n.
20
Let l = -5 + 9. Suppose -2 = -l*w - 6. Let v(t) = -t**3 + 2*t**2 - 1. Let r be v(w). Calculate the highest common divisor of 14 and r.
2
Let f = -2 - -5. Calculate the greatest common divisor of 15 and f.
3
Suppose -4*u = 77 - 13. Let w = 23 + u. Let t(l) = l**2 - 5*l - 3. Let q be t(-6). What is the highest common divisor of q and w?
7
Let h be -1*(2 - 130/2). Let t = -85 + 170. Let o be (-1)/(-2) - t/(-10). Calculate the highest common factor of h and o.
9
Let y = 38 + -24. Calculate the greatest common factor of y and 14.
14
Suppose -3*m + 8*m = -4170. Let z be (1/(-2))/(1/m). Suppose -5*h + z + 213 = 0. Calculate the greatest common divisor of h and 14.
14
Suppose -528 = -3*d + 5*p, d - 222 = -4*p - 46. Calculate the greatest common factor of d and 16.
16
Let y = 4 - 39. Let i be (8/14)/((-10)/y). Let u be 4/(-6)*(-2 + -1). Calculate the greatest common divisor of i and u.
2
Let k(a) = 19*a + 22. Let m be k(6). Calculate the highest common divisor of m and 17.
17
Let d(q) = -3*q - 1. Let g be d(-2). Suppose -m - g = -27. What is the highest common divisor of m and 11?
11
Suppose 3*j = 2*q + 77, j - 3 = 5*q + 14. What is the highest common factor of 3 and j?
3
Suppose 0 = -12*m + 8*m + 12. Suppose -m*k = -112 - 68. Calculate the highest common factor of 12 and k.
12
Let p be 2/((-16)/6)*-52. What is the greatest common divisor of 156 and p?
39
Let i be 65/(-6) + 6/(-36). Let q = 7 - i. Calculate the highest common divisor of q and 144.
18
Let h be ((-6)/(-2))/((-3)/(-32)). Calculate the greatest common divisor of h and 8.
8
Suppose -d + 2 = -0*d. Suppose -d*y + y = -70. What is the greatest common factor of y and 10?
10
Suppose 7*s = 4*s. Let a(q) = q - q + q + s. Let h be a(6). What is the greatest common factor of 30 and h?
6
Suppose 78*q - 75*q = 675. Let f be (1/(-2))/((-1)/12). Let y be (8/f)/(6/q). Calculate the greatest common factor of 10 and y.
10
Let r = 14 + -14. Let u be 6*(1 - r/1). Calculate the greatest common factor of u and 30.
6
Suppose 4*n = 3*n + 2. Let u be 55/11 + (-2)/n. Calculate the highest common factor of 1 and u.
1
Suppose -33 = -4*j + 3*c, -4*c = 1 - 5. Suppose -2*